 divided by s.
14
Suppose 0 = 5*b - 17 - 3. Suppose b*v + 228 = 7*v. Calculate the remainder when v is divided by 26.
24
Let g(h) = 14*h**2 + 2*h. What is the remainder when g(2) is divided by 16?
12
Suppose -6 = -k - b, 3*k = b + 5 + 1. Let c(g) = g + 3. Let n be c(k). What is the remainder when 19 is divided by (-44)/n*(-6)/4?
8
Let o(u) = u**3 - 4*u**2 - 4*u - 5. Let s be o(4). Let w = s + 67. Suppose 6*q - 9*q = -48. What is the remainder when w is divided by q?
14
Calculate the remainder when 58 is divided by (-21)/(-2) + 2/(-4) + 0.
8
Let h(y) = -2*y - 6. Suppose 2*o + 24 = -0. What is the remainder when 51 is divided by h(o)?
15
Calculate the remainder when 32 is divided by (22/(-4) - 3)/((-3)/6).
15
Let j(s) = 5*s + 4. Let u be j(3). Let h = u + -12. Calculate the remainder when h is divided by 3.
1
Suppose 0 = -2*r - 4, 3*r = -u + 19. Calculate the remainder when 47 is divided by u.
22
Suppose 5*x + l - 41 = 19, 5*x - 90 = 5*l. Let c(w) = 3*w**2 - 4*w + 3. Calculate the remainder when x is divided by c(2).
6
Suppose -2*g + 5*y + 86 = 0, -3*g - 6*y + 83 = -2*y. Calculate the remainder when 37 is divided by 220/g*(1 + 2).
17
Suppose -3*n + 1 = -11. Suppose -2*y = -1 - 21. Calculate the remainder when y is divided by n.
3
Suppose 2*l - l = -a + 13, 2*a = -3*l + 39. Suppose -4 - 16 = -5*i. Suppose -2*d + 0 - 6 = -2*o, -2*d - 20 = -i*o. What is the remainder when l is divided by o?
6
Let k = -19 + 13. Calculate the remainder when 19 is divided by k/33 - 224/(-22).
9
Suppose 0 = u - 17 + 5. Let k be (-45)/6*(-28)/21. Suppose 0 = -2*a + k. What is the remainder when u is divided by a?
2
Let a = 272 + -185. What is the remainder when a is divided by 22?
21
Let l(j) be the third derivative of 3*j**5/20 + j**4/24 + j**3/6 + 2*j**2. What is the remainder when 123/5 - (-2)/5 is divided by l(-1)?
7
Let f(v) = 5*v - 2. Let i(l) = 2*l**3 - 2*l**2 + 2*l + 1. What is the remainder when i(2) is divided by f(1)?
1
Suppose -2*t + 3*t = 62. Let i(n) = -4*n - 72. What is the remainder when t is divided by i(-22)?
14
Suppose -6 = -0*t - 3*t. Suppose -t*s + 40 = -0*s. What is the remainder when 10/3*24/s is divided by 2?
0
Let v(l) = -46*l + 1. Let a(h) = -7*h - 3. Let j(r) = 13*r + 5. Let g(b) = -7*a(b) - 4*j(b). Calculate the remainder when v(-1) is divided by g(-5).
15
Let w = 70 + -46. Calculate the remainder when w is divided by 9/(-4)*-1*4.
6
Suppose -2*z + 0*h = 5*h - 2, 0 = -3*z - 5*h + 3. What is the remainder when 11*(z - (-3 + 3)) is divided by (-1 + 0)/((-2)/6)?
2
Suppose 0 = 3*m - j - 10, 3*m + 2 + 0 = -2*j. Suppose -p + m*p = -u + 37, 5*u = 3*p - 151. What is the remainder when p is divided by 11?
9
Let t = 33 - 28. What is the remainder when 17 is divided by t?
2
Let s be (-18)/(-8) + (-1)/4. Suppose 0 = s*l - 8 - 2. Suppose -l*b + 80 = 4*j, b - 2*j = -3 + 5. Calculate the remainder when 23 is divided by b.
11
Suppose 0*d - 36 = -4*d. Suppose 0 = -a + 3*a + 8. Let b = a + d. Calculate the remainder when 19 is divided by b.
4
Suppose 66 = 4*z - 22. Let y(m) = m**2 + 11*m. What is the remainder when z is divided by y(-12)?
10
Suppose 3*d + 3*o - 2*o - 85 = 0, 0 = 3*d - 5*o - 79. What is the remainder when d is divided by 15?
13
Let a = -33 + 49. Let q(h) be the third derivative of h**5/30 - h**4/3 + 7*h**3/6 - h**2. What is the remainder when q(6) is divided by a?
15
Suppose 17 + 7 = 4*a - 4*d, -4*d + 25 = 3*a. Calculate the remainder when 26 is divided by a.
5
Let m(g) = g + 0 - 3 + 2. Let l be m(3). Suppose -4*q = -3*t + 4, 6*q - l*q + 8 = 4*t. What is the remainder when 7 is divided by t?
3
Let j = 7 - 5. Let l = 19 - j. Calculate the remainder when 66 is divided by l.
15
Suppose 5*r + f - 334 = 0, 2*f + 3*f = -5. Let j = 111 - r. Calculate the remainder when j is divided by 15.
14
Let i(g) = -g**3 - 4*g**2 + 4*g + 4. Calculate the remainder when i(-5) is divided by 4.
1
Suppose 3*k - 5*q + q = 620, 5*k = -q + 995. What is the remainder when k is divided by 52?
44
Let z(t) = -7*t + 41. Calculate the remainder when z(-4) is divided by 10.
9
Let l(w) = w**2 + 2*w - 5. Let d(b) = b**2 - b - 1. Calculate the remainder when l(-7) is divided by d(4).
8
Suppose -i + 22 = 15. Calculate the remainder when 19 is divided by i.
5
Suppose 4*m = -3*r + 49 + 18, -5*m + 82 = 2*r. Suppose m = -q + 30. Calculate the remainder when 39 is divided by q.
11
Suppose 0 = -d - 0*d + 4. Suppose -d*v + 4*r + 8 = -4, v - 5*r = 3. What is the remainder when 4 is divided by v?
1
Suppose 0 = -0*v + 3*v - 93. Let s = -17 + v. What is the remainder when 42 is divided by 112/5 - s/35?
20
Let s(i) = 4*i + 2. Let k(a) = 5*a + 2. Let l(m) = -5*k(m) + 4*s(m). What is the remainder when 47 is divided by l(-2)?
15
Suppose -g = -4*q + 7*q - 4, 2*g + 2*q = 24. Calculate the remainder when 62 is divided by g.
14
Let i = -16 + 10. Let z be i/4*(-16)/(-12). Calculate the remainder when 0 - 1 - z*9 is divided by 9.
8
Let v = 52 - 16. Let x be ((-43)/(-2))/((-4)/(-8)). Let i = 62 - x. Calculate the remainder when v is divided by i.
17
Suppose 2*z = 5*u + 6*z - 14, -5*u + 9 = -z. Suppose -55 = -7*s + u*s. Let v(c) = -2*c + 11. What is the remainder when v(-10) is divided by s?
9
Let h(k) = -k**3 + 14*k**2 - 10*k - 9. What is the remainder when 118 is divided by h(13)?
28
Let l(h) = -h**2 + 9*h - 2. Let w be l(5). Let g = w + -7. Suppose -6*f = -4*f - 40. What is the remainder when f is divided by g?
9
Calculate the remainder when 20 is divided by (-12)/4 - -1 - -10.
4
Let j(c) = -2*c**2 - 37*c + 15. What is the remainder when j(-16) is divided by 8?
7
Let c = -13 + 7. Let i be 3*(-4)/c*34. Suppose 5*l = l + i. What is the remainder when 49 is divided by l?
15
Let q = -8 + 8. Suppose 0 = 2*n - q*n - 3*u - 39, -12 = -n + 3*u. What is the remainder when n is divided by 7?
6
Suppose -5*v - 4*r = -42, r - 51 = -5*v - 18. Suppose -m - 7 = -4*k, 4*k = -m + v + 11. Calculate the remainder when 8 is divided by k.
2
Let f = -8 + 336. Suppose 4*u + f = -0*u. Let g = -47 - u. Calculate the remainder when g is divided by 12.
11
Suppose -76 = -5*s + s. Let h = -26 + 49. Calculate the remainder when s is divided by (-22)/33 - h/(-3).
5
Suppose -2*q + 3*n = -51 + 15, 0 = 3*n + 6. Calculate the remainder when 27 is divided by q.
12
Suppose -4*r + 17 + 203 = 4*i, 5*r - 4*i - 248 = 0. Suppose 0 = -2*k + s + 58, -2*k + 2*s + 35 = -k. Calculate the remainder when r is divided by k.
25
What is the remainder when (-29456)/(-196) - (-4)/(-14) is divided by 52?
46
Suppose -5*g - 3 = -6*g. Calculate the remainder when 13 is divided by g.
1
Let j = 2 + -2. Suppose 4*z = -j*z. Suppose -3*m + 5*a + 21 = z, 3 - 24 = -3*m - a. What is the remainder when m is divided by 3?
1
Let s(x) = 4*x + 2. Let u be s(-1). Calculate the remainder when 25 is divided by 2/(u - -3) + 11.
12
Suppose 0 = -10*b + 11*b - 16. Calculate the remainder when 36 is divided by b.
4
Let r be (4/(-5))/(4/(-10)). Suppose -r = -2*w, 29 = -4*n + 8*n + w. What is the remainder when 19 is divided by n?
5
Suppose 2*u - 38 = -4*f, 2*u - 2*f = -0*f + 50. Suppose 4*y + 0*y - 36 = 0. Let a = u - y. What is the remainder when a is divided by 5?
4
Let c(v) = -10*v. Let y = -35 - -24. Let h = 7 + y. What is the remainder when c(h) is divided by 14?
12
Let l(n) = 123*n**2 + 4*n + 2. Calculate the remainder when l(-1) is divided by 31.
28
Let m(w) = 23*w**3 - 2*w**2 + 2*w - 1. What is the remainder when 43 is divided by m(1)?
21
Let m(b) = b**3 + 19*b**2 - 19*b + 25. What is the remainder when 13 is divided by m(-20)?
3
Suppose 5*x - 2*d - 10 = 0, -5*d = 3*x - 3*d - 22. Suppose 5*p + 1 = -3*r, -2*p - 4 = 2*r + 3*p. Calculate the remainder when x is divided by r.
1
Suppose -2*r + 10 = -3*d, -2*d = 3*r - r. Let w(c) = -6 - c + 4*c + r. Calculate the remainder when w(8) is divided by 7.
6
Suppose -3*q + 8*h - 4*h = 0, -h = -4*q. Suppose q*a - 54 = -3*a. Suppose -r = -5*x + 9, 4*r = 2*x - 0*x - a. Calculate the remainder when x is divided by 1.
0
Calculate the remainder when 17 is divided by -9*((-5)/(-15) - 1).
5
Suppose 2*p = d - 3, -d = 2*p - 1 - 6. Let l(h) = 11*h**2 + 5*h + 6. What is the remainder when l(-1) is divided by d?
2
Calculate the remainder when 29/((-5)/100*-5) is divided by 30.
26
Suppose -2*a + 2*c + 6 = 0, 3*a - 4*c - 18 = -2*a. What is the re